ve of -o**3/6 + 15*o**2/2 + 4*o. Let x be u(12). Is (0 - x) + 5*16 prime?
False
Let q = 100 - -309. Is q composite?
False
Suppose d = 5*w + 39 - 9, 0 = 2*d + 3*w + 5. Suppose -2 = -d*j - 82. Let m = 31 + j. Is m a composite number?
True
Is (-2 - -2570) + (0 - -2 - 3) composite?
True
Suppose 2*t = -2*l + 440, 3*t + 452 = 5*t - 2*l. Is t prime?
True
Suppose -m - q - 201 = -1248, -5*m + 2*q = -5249. Is m composite?
False
Let p be (4/(-10))/(2/(-20)). Let a(x) = 10*x - 3. Is a(p) prime?
True
Suppose 0 = 5*t - 457 + 12. Is 1/6 - t/(-6) prime?
False
Let y(j) = 2*j - 1. Let n be y(2). Suppose a + 0*w - 278 = -n*w, -a = -4*w - 313. Is a a prime number?
True
Suppose 0 = 4*l + b + 1, 2*l + 7*b - 2*b + 5 = 0. Let r = 6 - 3. Suppose 6 = -r*o, l*w + 2*w + 2*o - 26 = 0. Is w composite?
True
Suppose 2237 = -0*t + 5*t - 2*q, 0 = -t + 5*q + 429. Is t composite?
False
Is (-668)/(-10) - (-10)/50 a prime number?
True
Let l(w) = 7*w**3 - w**2 + w - 1. Is l(1) composite?
True
Let j = 10 - 4. Let k be 12*(2 - j/4). Suppose 2 + k = 4*y, -2*y - 79 = -a. Is a a prime number?
True
Suppose 0 = -5*f - 3*t + 3958 + 21, -5*f - 2*t + 3976 = 0. Is f composite?
True
Let y = 17 - -14. Is y prime?
True
Suppose 0 = 5*l - 3283 - 6982. Is l a composite number?
False
Let s(m) = 14*m**2 + m - 5. Is s(-8) prime?
True
Suppose -2*z = 4*k + 2, k = -2*k + 2*z + 9. Suppose -6 = -2*p + 12. Is (k - 0)/(p/297) composite?
True
Suppose -6*r = -2*r - 8. Is (-298)/((-3*r)/3) prime?
True
Let t be 4/((-16)/68) - 1. Let a = t + 49. Is a a prime number?
True
Is (1761/(-15))/((12/(-6))/10) prime?
True
Suppose -s + 3*m = -4*s - 3, 3*m = 3. Is s*1*296/(-16) prime?
True
Let k = 36 + -1. Is k a prime number?
False
Let j = 142 - -151. Is j composite?
False
Let t be (-5)/(-20) - 622/(-8). Let c = t - -17. Is c prime?
False
Let b(o) = 2*o**2 + 9*o - 2. Let g be b(-8). Suppose -4*p = 6 + g. Is (-6)/(-15) - 309/p a prime number?
False
Let a = 4 + 0. Is ((-14)/a)/(1/(-10)) a composite number?
True
Let m(f) = -13*f**2 - f - 5 - f**3 + 2*f - 2*f + 26*f**2. Is m(12) composite?
False
Suppose 1 = -w + 3. Suppose -96 = -w*i - i. Let l = -17 + i. Is l a composite number?
True
Let q be 1/((0 + -1)/(-1)). Is 7 + q*(3 - 0) prime?
False
Suppose -2*z = -4*c + 630, 3*c - 5*z - 162 = 2*c. Is c composite?
False
Suppose 414 + 430 = 4*a. Is a a composite number?
False
Suppose 3*j = -3*r + 105, -r = -6*r + 20. Is j prime?
True
Let h(m) = 202*m + 17. Is h(3) composite?
True
Let p(j) = 6*j**2 - 4. Let b be 38/(-14) - (-10)/(-35). Let c be p(b). Let r = c + -29. Is r prime?
False
Let y = -9174 - -12991. Is ((-2)/(-1))/(22/y) prime?
True
Let q(c) = 8*c**2 + 2*c + 1. Let l be q(-2). Suppose u - l = 77. Is u prime?
False
Suppose -7*l + 2*l + 5*s = -4415, -4 = s. Suppose 0 = -3*a - 0*a + l. Is a a prime number?
True
Let f(n) = n + 15. Let u = 10 + -10. Is f(u) composite?
True
Let l(q) = 4*q**2 - q. Suppose h = 4*r - 21, 5*r - 15 = -5*h + 5. Let w be l(h). Suppose 263 = w*v - 32. Is v composite?
False
Let f be 22 - (0 - (2 - 2)). Suppose 0*h - h = -f. Is h a composite number?
True
Suppose 21*d - 2*d - 23807 = 0. Is d a composite number?
True
Let n be 958/6 - 2/(-6). Suppose -3*k = -3*s + 123, 6*s = 2*s + 3*k + n. Is s/(-3)*(-6 - -3) a composite number?
False
Let t = 2863 - 1677. Is t a prime number?
False
Suppose -5*g + 185 = 2*l, 4*g - 3*l = -0*l + 148. Is g composite?
False
Suppose -3*i - i = 0. Is i + (-273)/9*-3 composite?
True
Let i be (0/1 - -4)/1. Suppose -r - 6 = -5*b + 3*b, b + i*r = -6. Suppose -10 + 70 = h + d, 3*h = -b*d + 185. Is h prime?
False
Let h = 1108 - 435. Is h prime?
True
Let l(f) = -2*f**3 + f**2 + f - 1. Let o be l(1). Is (-6)/12*(o + -27) prime?
False
Let j = 4 - -1. Suppose 336 + 20 = 4*b - j*k, -5*k = 4*b - 356. Is b a prime number?
True
Let m = -4 - -7. Let k be m/(3/7) - 2. Let t = -2 + k. Is t prime?
True
Let c be 2*22/(-2) - -2. Let t = -8 - c. Is ((-8)/t)/((-2)/363) a prime number?
False
Let m(q) = 89*q**2 - q - 1. Suppose -4*v + 7 = -2*f - 15, 3*v - 12 = -3*f. Let d be m(f). Let c = 208 - d. Is c composite?
True
Let l(q) = -q**3 + q**2 - q + 409. Is l(0) a composite number?
False
Let a(b) = 3*b - 5 + 2*b - 3. Is a(6) prime?
False
Let f(c) = c + 9. Let d be f(-9). Suppose -2*y + 206 = 2*u, y + 5*u + 19 - 122 = d. Is y a composite number?
False
Suppose -22 + 2 = -4*p. Suppose 5*u - 2*j - 1181 = j, -p*j = 3*u - 695. Is u prime?
False
Suppose -r = -5*q - 2*r + 203, -3*q = -2*r - 114. Is 1*(q - 9/3) composite?
False
Let s(b) = 7*b - 5. Is s(9) composite?
True
Let r(g) = -g**2 + 7*g - 8. Let t be r(4). Suppose 96 = -0*y + y. Suppose t*c - y = -12. Is c composite?
True
Let n be (-1)/((-1)/((-4)/1)). Let i = 19 + n. Let y = i - 8. Is y a prime number?
True
Suppose 294 = 2*i + 40. Is i prime?
True
Let v(l) be the third derivative of -7*l**4/6 + 13*l**3/6 + 3*l**2. Is v(-10) composite?
False
Let q(l) = -205*l + 22. Let f(i) = -68*i + 7. Let s(y) = 7*f(y) - 2*q(y). Is s(-5) prime?
False
Suppose -c + 0*d + 2*d + 85 = 0, 0 = 3*c - 3*d - 246. Is c a composite number?
False
Let a(r) = r**2 - 4*r - 1. Let y be a(5). Suppose -5*c = 0, -y*n + c + 124 = -c. Is n composite?
False
Let s = 1141 + -795. Is s prime?
False
Let w be 8/2 - (5 + -1). Suppose 5*t = -b + 206, -2*b + 3*t = -w*b - 425. Is b a prime number?
True
Suppose 0 = 3*s - 495 + 60. Is s a composite number?
True
Let z(l) = -36*l - 14. Is z(-5) a prime number?
False
Let i(w) = -10*w - 4. Let n be i(5). Let d = n + 169. Is d a prime number?
False
Suppose -20 = -2*f + 7*f. Let q be (f/(-5))/(4/10). Is (47 + 2/(-2))/q a composite number?
False
Is (-2)/(-4) - (-513)/2 a prime number?
True
Suppose 0 = 3*s + 15, 3053 = 4*n - s - 13132. Is n prime?
False
Let g be (2 + (-128)/(-10))*10. Suppose g = 5*i - 1287. Is i a composite number?
True
Let i = 1 - -5. Let k be (3/i)/(1/2). Is -2 - k - -2 - -38 prime?
True
Suppose 0 = -2*s - 2*h + 3096, -s - 2*h - 3*h = -1548. Is s/54*(-3)/(-2) composite?
False
Let d = -15 + 19. Let b = 27 + -15. Suppose d*z + 23 = t - 2, 4*z = b. Is t a composite number?
False
Suppose -5*u - 1230 = -5*r, 2*r + 4*u + u - 527 = 0. Is r composite?
False
Let d be -2 + 3 + 10/2. Let t(w) be the second derivative of w**5/20 - w**4/12 + w**3/3 - w**2/2 - 20*w. Is t(d) composite?
False
Let q = 5 - 8. Let b be ((-46)/q)/((-2)/(-3)). Let n = 56 - b. Is n prime?
False
Suppose -x + 4*z = -272, x - 1088 = -3*x + 2*z. Let q = x - 193. Is q composite?
False
Let f(i) = 7*i + 9. Let c(w) = -w**2 + 7*w + 10. Let r(q) = -2*c(q) + 3*f(q). Suppose 5*d = 5*y - 35, -4*d - 27 = y - 6*y. Is r(d) composite?
False
Let i(m) = m**2 + 7*m + 17. Is i(-12) composite?
True
Let y = 2011 + -354. Is y a composite number?
False
Is -1 + -100*(-36)/8 prime?
True
Let t(n) = 967*n - 32. Is t(25) a prime number?
False
Suppose 8*y - 15988 = -5100. Is y composite?
False
Suppose 3 = 2*w - 531. Is w prime?
False
Suppose -o - 3*o + 32 = 4*b, 3*o = 3*b - 6. Suppose -o*k + y = -401, -93 = 5*k - y - 760. Is k composite?
True
Let g(s) = 11*s**2 + 7*s + 8. Let m(q) = 5*q**2 + 4*q + 4. Let a(l) = -2*g(l) + 5*m(l). Is a(-5) a composite number?
True
Is 53*(-1 - -5 - 3) composite?
False
Is (-1)/2*268/(-2) a composite number?
False
Let h = -8 + 6. Let n be 2 + -2 + (h - -2). Suppose k + 2*k = 3, n = 2*p + 2*k - 160. Is p composite?
False
Suppose -4*q + 493 = 3*f, 3*f + 5*q = 559 - 65. Is f prime?
True
Suppose -475 - 505 = -5*u. Let v = 12 + -7. Suppose -v*y - 1 = -u. Is y a composite number?
True
Let k(x) = -3*x**3 - 2*x**2 + 5*x + 7. Is k(-6) composite?
True
Let m(s) = -1 + 9*s**2 + 2*s + 0 + 0. Suppose 1 = 4*r - 7. Is m(r) composite?
True
Let f(l) = 13*l - 1. Let d be f(1). Suppose 3*k - 5*q - 134 + 35 = 0, 99 = 3*k - q. Suppose 3*y + d = k. Is y a prime number?
True
Let t = -8 - -2. Let q be -2*12 + t/2. Let b = 26 - q. Is b a composite number?
False
Suppose 54 - 2244 = -5*g. Suppose -o = 3*b + o - g, 0 = -b - 5*o + 133. Is (1 + b)/(2/2) a prime number?
True
Let g be (-6)/9*(-11 + 2). Let k(h) = -h + 9. Let m be k(g). Is 1/(-3) + 382/m prime?
True
Suppose -4*d - q = -2954, 0*d + 5*q = 3*d - 2227. Is d a composite number?
False
Let m(j) be the third derivative of -1/24*j**4 + 13/20*j**6 + 2*j**2 - 1/60*j**5 + 0*j + 0 + 1/6*j**3. Is m(1) prime?
False
Let i = -260 + 180. Is ((-3 - i)/1)/1 a composite n